{"id":536,"date":"2025-03-28T23:24:13","date_gmt":"2025-03-28T23:24:13","guid":{"rendered":"https:\/\/radiofuturafm.com.br\/?page_id=536"},"modified":"2025-03-28T23:24:13","modified_gmt":"2025-03-28T23:24:13","slug":"movimentos-fazem-ato-para-cobrar-moradias-populares-em-sao-paulo","status":"publish","type":"page","link":"https:\/\/radiofuturafm.com.br\/index.php\/movimentos-fazem-ato-para-cobrar-moradias-populares-em-sao-paulo\/","title":{"rendered":"Movimentos fazem ato para cobrar moradias populares em S\u00e3o Paulo"},"content":{"rendered":"<div  class='flex_column av-av_one_full-dfffed1c4949eead95ef84c3cc332849 av_one_full  avia-builder-el-0  el_before_av_hr  avia-builder-el-first  first flex_column_div  '     ><p>\n<style type=\"text\/css\" data-created_by=\"avia_inline_auto\" id=\"style-css-av-m8teipxi-187bfaab9bd74dc1343dfc829fad400d\">\n#top .av-special-heading.av-m8teipxi-187bfaab9bd74dc1343dfc829fad400d{\npadding-bottom:10px;\n}\nbody .av-special-heading.av-m8teipxi-187bfaab9bd74dc1343dfc829fad400d .av-special-heading-tag .heading-char{\nfont-size:25px;\n}\n.av-special-heading.av-m8teipxi-187bfaab9bd74dc1343dfc829fad400d .av-subheading{\nfont-size:15px;\n}\n<\/style>\n<div  class='av-special-heading av-m8teipxi-187bfaab9bd74dc1343dfc829fad400d av-special-heading-h2 blockquote modern-quote  avia-builder-el-1  el_before_av_hr  avia-builder-el-first '><h2 class='av-special-heading-tag'  itemprop=\"headline\"  >Movimentos fazem ato para cobrar moradias populares em S\u00e3o Paulo<\/h2><div class=\"special-heading-border\"><div class=\"special-heading-inner-border\"><\/div><\/div><\/div><br \/>\n\n<style type=\"text\/css\" data-created_by=\"avia_inline_auto\" id=\"style-css-av-av_hr-af89a52d51412774536fa272e468f7cd\">\n#top .hr.hr-invisible.av-av_hr-af89a52d51412774536fa272e468f7cd{\nheight:30px;\n}\n<\/style>\n<div  class='hr av-av_hr-af89a52d51412774536fa272e468f7cd hr-invisible  avia-builder-el-2  el_after_av_heading  el_before_av_textblock '><span class='hr-inner '><span class=\"hr-inner-style\"><\/span><\/span><\/div><br \/>\n\n<style type=\"text\/css\" data-created_by=\"avia_inline_auto\" id=\"style-css-av-m8tespkb-985da5a5196d6039edb5fcb5230a8134\">\n#top .av_textblock_section.av-m8tespkb-985da5a5196d6039edb5fcb5230a8134 .avia_textblock{\nfont-size:16px;\n}\n<\/style>\n<section  class='av_textblock_section av-m8tespkb-985da5a5196d6039edb5fcb5230a8134 '   itemscope=\"itemscope\" itemtype=\"https:\/\/schema.org\/CreativeWork\" ><div class='avia_textblock'  itemprop=\"text\" ><p class=\"p1\">Movimentos de moradia realizaram ato no dia 25 de mar\u00e7o pelas ruas do centro de S\u00e3o Paulo para reivindicar libera\u00e7\u00e3o de verba do \u201cPode Entrar\u201d, programa de habita\u00e7\u00e3o popular da prefeitura de S\u00e3o Paulo.<\/p>\n<p class=\"p1\">Entre as quest\u00f5es apresentadas pelos movimentos no ato est\u00e1 a den\u00fancia de desvio de verbas que deveriam ser destinadas \u00e0s Zonas Especiais de Interesse Social \u2013 ZEIS, \u00e1reas voltadas \u00e0 constru\u00e7\u00e3o de moradia popular na capital paulista.<\/p>\n<p class=\"p1\">Para falar sobre os temas apresentados no ato, ouvimos a lideran\u00e7a da Uni\u00e3o do Movimento de Moradia do estado de S\u00e3o Paulo, Evaniza Rodrigues.<span class=\"Apple-converted-space\">\u00a0<\/span><\/p>\n<p class=\"p1\">\u201cEstamos nas ruas na luta pela pol\u00edtica de habita\u00e7\u00e3o na cidade de S\u00e3o Paulo, a cidade mais rica do mundo tem milhares de pessoas sem moradia, mas o que mais d\u00e1 raiva \u00e9 saber que muitas das moradias, que iam ser produzidas para popula\u00e7\u00e3o de baixa renda, est\u00e3o sendo desviadas. \u00c9 um conluio entre as construtoras e a prefeitura, que desviou um monte de im\u00f3veis produzidos em ZEIS, um monte de im\u00f3veis produzidos para baixa renda para outro segmento de renda\u201d, afirma ela.<span class=\"Apple-converted-space\">\u00a0<\/span><\/p>\n<p class=\"p1\">De acordo com Evaniza faltou fiscaliza\u00e7\u00e3o da prefeitura, que propositalmente fez vista grossa, agora o Minist\u00e9rio P\u00fablico cobra que os im\u00f3veis que eram ZEIS (Zonas Especiais de Interesse Social), que foram destinados para outra faixa de renda sejam recompostos. \u201cPrecisamos de novas ZEIS na cidade e tamb\u00e9m precisamos que os recursos das multas, aplicadas a essas empresas que burlaram a lei, sejam destinadas ao Fundo Municipal da Habita\u00e7\u00e3o para fazer moradia a quem precisa de verdade\u201d, ressalta ela.<span class=\"Apple-converted-space\">\u00a0<\/span><\/p>\n<\/div><\/section><\/p><\/div>\n<style type=\"text\/css\" data-created_by=\"avia_inline_auto\" id=\"style-css-av-av_hr-af89a52d51412774536fa272e468f7cd\">\n#top .hr.hr-invisible.av-av_hr-af89a52d51412774536fa272e468f7cd{\nheight:30px;\n}\n<\/style>\n<div  class='hr av-av_hr-af89a52d51412774536fa272e468f7cd hr-invisible  avia-builder-el-4  el_after_av_one_full  el_before_av_heading '><span class='hr-inner '><span class=\"hr-inner-style\"><\/span><\/span><\/div><\/p>\n\n<style type=\"text\/css\" data-created_by=\"avia_inline_auto\" id=\"style-css-av-m8tej1mw-e5545261e43a020a9765b190a8077b32\">\n#top .av-special-heading.av-m8tej1mw-e5545261e43a020a9765b190a8077b32{\npadding-bottom:10px;\n}\nbody .av-special-heading.av-m8tej1mw-e5545261e43a020a9765b190a8077b32 .av-special-heading-tag .heading-char{\nfont-size:25px;\n}\n.av-special-heading.av-m8tej1mw-e5545261e43a020a9765b190a8077b32 .av-subheading{\nfont-size:15px;\n}\n<\/style>\n<div  class='av-special-heading av-m8tej1mw-e5545261e43a020a9765b190a8077b32 av-special-heading-h3 blockquote modern-quote  avia-builder-el-5  el_after_av_hr  el_before_av_hr '><h3 class='av-special-heading-tag'  itemprop=\"headline\"  >Movimentos fazem ato para cobrar moradias populares em S\u00e3o Paulo<\/h3><div class=\"special-heading-border\"><div class=\"special-heading-inner-border\"><\/div><\/div><\/div>\n\n<style type=\"text\/css\" data-created_by=\"avia_inline_auto\" id=\"style-css-av-av_hr-af89a52d51412774536fa272e468f7cd\">\n#top .hr.hr-invisible.av-av_hr-af89a52d51412774536fa272e468f7cd{\nheight:30px;\n}\n<\/style>\n<div  class='hr av-av_hr-af89a52d51412774536fa272e468f7cd hr-invisible  avia-builder-el-6  el_after_av_heading  el_before_av_video '><span class='hr-inner '><span class=\"hr-inner-style\"><\/span><\/span><\/div>\n\n<style type=\"text\/css\" data-created_by=\"avia_inline_auto\" id=\"style-css-av-m8tertn6-07d39790747ce1619b3b071447599e34\">\n.avia-video.av-m8tertn6-07d39790747ce1619b3b071447599e34{\nbackground-image:url(https:\/\/radiofuturafm.com.br\/wp-content\/uploads\/2025\/03\/Movimentos-fazem-ato-para-cobrar-moradias-300x169.png);\n}\n<\/style>\n<div  class='avia-video av-m8tertn6-07d39790747ce1619b3b071447599e34 avia-video-16-9 av-preview-image avia-video-load-always avia-video-html5'  itemprop=\"video\" itemtype=\"https:\/\/schema.org\/VideoObject\"  data-original_url='https:\/\/radiofuturafm.com.br\/wp-content\/uploads\/2025\/03\/18-MOVIMENTO-DE-MORADIA-1.mp4'><video class='avia_video' poster=\"https:\/\/radiofuturafm.com.br\/wp-content\/uploads\/2025\/03\/Movimentos-fazem-ato-para-cobrar-moradias-300x169.png\"   preload=\"auto\"  controls id='player_536_1625448156_163577467'><source src='https:\/\/radiofuturafm.com.br\/wp-content\/uploads\/2025\/03\/18-MOVIMENTO-DE-MORADIA-1.mp4' type='video\/mp4' \/><\/video><\/div>\n\n<style type=\"text\/css\" data-created_by=\"avia_inline_auto\" id=\"style-css-av-av_hr-af89a52d51412774536fa272e468f7cd\">\n#top .hr.hr-invisible.av-av_hr-af89a52d51412774536fa272e468f7cd{\nheight:30px;\n}\n<\/style>\n<div  class='hr av-av_hr-af89a52d51412774536fa272e468f7cd hr-invisible  avia-builder-el-8  el_after_av_video  el_before_av_heading '><span class='hr-inner '><span class=\"hr-inner-style\"><\/span><\/span><\/div>\n\n<style type=\"text\/css\" data-created_by=\"avia_inline_auto\" id=\"style-css-av-m8tejatr-28a7797186dd244e656c554b6a97560d\">\n#top .av-special-heading.av-m8tejatr-28a7797186dd244e656c554b6a97560d{\npadding-bottom:10px;\n}\nbody .av-special-heading.av-m8tejatr-28a7797186dd244e656c554b6a97560d .av-special-heading-tag .heading-char{\nfont-size:25px;\n}\n.av-special-heading.av-m8tejatr-28a7797186dd244e656c554b6a97560d .av-subheading{\nfont-size:15px;\n}\n<\/style>\n<div  class='av-special-heading av-m8tejatr-28a7797186dd244e656c554b6a97560d av-special-heading-h3 blockquote modern-quote  avia-builder-el-9  el_after_av_hr  el_before_av_hr '><h3 class='av-special-heading-tag'  itemprop=\"headline\"  >Ou\u00e7a a not\u00edcia: Movimentos fazem ato para cobrar moradias populares em S\u00e3o Paulo<\/h3><div class=\"special-heading-border\"><div class=\"special-heading-inner-border\"><\/div><\/div><\/div>\n\n<style type=\"text\/css\" data-created_by=\"avia_inline_auto\" id=\"style-css-av-av_hr-af89a52d51412774536fa272e468f7cd\">\n#top .hr.hr-invisible.av-av_hr-af89a52d51412774536fa272e468f7cd{\nheight:30px;\n}\n<\/style>\n<div  class='hr av-av_hr-af89a52d51412774536fa272e468f7cd hr-invisible  avia-builder-el-10  el_after_av_heading  el_before_av_player '><span class='hr-inner '><span class=\"hr-inner-style\"><\/span><\/span><\/div>\n<div id=\"av_player-1\" class=\"av-player av-player-container av-m8tejqe4-f63254f606be11eb9e72fd9daea3334f avia-playerstyle-classic av_player-1  avia-builder-el-11  el_after_av_hr  avia-builder-el-last  first avia-playlist-hide-cover\"><div class=\"av-player-player-container\"><div class=\"wp-playlist wp-audio-playlist wp-playlist-light\">\n\t\t\t<div class=\"wp-playlist-current-item\"><\/div>\n\t\t<audio controls=\"controls\" preload=\"none\" width=\"1478\"\n\t\t\t><\/audio>\n\t<div class=\"wp-playlist-next\"><\/div>\n\t<div class=\"wp-playlist-prev\"><\/div>\n\t<noscript>\n\t<ol>\n\t\t<li><a href='https:\/\/radiofuturafm.com.br\/wp-content\/uploads\/2025\/03\/18-MOVIMENTO-DE-MORADIA.mp3'>18- MOVIMENTO DE MORADIA<\/a><\/li>\t<\/ol>\n\t<\/noscript>\n\t<script type=\"application\/json\" class=\"wp-playlist-script\">{\"type\":\"audio\",\"tracklist\":true,\"tracknumbers\":true,\"images\":true,\"artists\":true,\"tracks\":[{\"src\":\"https:\/\/radiofuturafm.com.br\/wp-content\/uploads\/2025\/03\/18-MOVIMENTO-DE-MORADIA.mp3\",\"type\":\"audio\/mpeg\",\"title\":\"18- MOVIMENTO DE MORADIA\",\"caption\":\"\",\"description\":\"\\\"18- MOVIMENTO DE MORADIA\\\".\",\"meta\":{\"length_formatted\":\"2:00\"},\"image\":{\"src\":\"https:\/\/radiofuturafm.com.br\/wp-includes\/images\/media\/audio.svg\",\"width\":48,\"height\":64},\"thumb\":{\"src\":\"https:\/\/radiofuturafm.com.br\/wp-includes\/images\/media\/audio.svg\",\"width\":48,\"height\":64}}]}<\/script>\n<\/div>\n\t<\/div><\/div>\n","protected":false},"excerpt":{"rendered":"","protected":false},"author":1,"featured_media":539,"parent":0,"menu_order":0,"comment_status":"closed","ping_status":"closed","template":"","meta":{"footnotes":""},"class_list":["post-536","page","type-page","status-publish","has-post-thumbnail","hentry"],"_links":{"self":[{"href":"https:\/\/radiofuturafm.com.br\/index.php\/wp-json\/wp\/v2\/pages\/536","targetHints":{"allow":["GET"]}}],"collection":[{"href":"https:\/\/radiofuturafm.com.br\/index.php\/wp-json\/wp\/v2\/pages"}],"about":[{"href":"https:\/\/radiofuturafm.com.br\/index.php\/wp-json\/wp\/v2\/types\/page"}],"author":[{"embeddable":true,"href":"https:\/\/radiofuturafm.com.br\/index.php\/wp-json\/wp\/v2\/users\/1"}],"replies":[{"embeddable":true,"href":"https:\/\/radiofuturafm.com.br\/index.php\/wp-json\/wp\/v2\/comments?post=536"}],"version-history":[{"count":1,"href":"https:\/\/radiofuturafm.com.br\/index.php\/wp-json\/wp\/v2\/pages\/536\/revisions"}],"predecessor-version":[{"id":540,"href":"https:\/\/radiofuturafm.com.br\/index.php\/wp-json\/wp\/v2\/pages\/536\/revisions\/540"}],"wp:featuredmedia":[{"embeddable":true,"href":"https:\/\/radiofuturafm.com.br\/index.php\/wp-json\/wp\/v2\/media\/539"}],"wp:attachment":[{"href":"https:\/\/radiofuturafm.com.br\/index.php\/wp-json\/wp\/v2\/media?parent=536"}],"curies":[{"name":"wp","href":"https:\/\/api.w.org\/{rel}","templated":true}]}}

Movimentos fazem ato para cobrar moradias populares em São Paulo

<div  class='flex_column av-av_one_full-dfffed1c4949eead95ef84c3cc332849 av_one_full  avia-builder-el-0  el_before_av_hr  avia-builder-el-first  first flex_column_div  '     ><p>
<style type="text/css" data-created_by="avia_inline_auto" id="style-css-av-m8teipxi-187bfaab9bd74dc1343dfc829fad400d">
#top .av-special-heading.av-m8teipxi-187bfaab9bd74dc1343dfc829fad400d{
padding-bottom:10px;
}
body .av-special-heading.av-m8teipxi-187bfaab9bd74dc1343dfc829fad400d .av-special-heading-tag .heading-char{
font-size:25px;
}
.av-special-heading.av-m8teipxi-187bfaab9bd74dc1343dfc829fad400d .av-subheading{
font-size:15px;
}
</style>
<div  class='av-special-heading av-m8teipxi-187bfaab9bd74dc1343dfc829fad400d av-special-heading-h2 blockquote modern-quote  avia-builder-el-1  el_before_av_hr  avia-builder-el-first '><h2 class='av-special-heading-tag'  itemprop="headline"  >Movimentos fazem ato para cobrar moradias populares em São Paulo</h2><div class="special-heading-border"><div class="special-heading-inner-border"></div></div></div><br />

<style type="text/css" data-created_by="avia_inline_auto" id="style-css-av-av_hr-af89a52d51412774536fa272e468f7cd">
#top .hr.hr-invisible.av-av_hr-af89a52d51412774536fa272e468f7cd{
height:30px;
}
</style>
<div  class='hr av-av_hr-af89a52d51412774536fa272e468f7cd hr-invisible  avia-builder-el-2  el_after_av_heading  el_before_av_textblock '><span class='hr-inner '><span class="hr-inner-style"></span></span></div><br />

<style type="text/css" data-created_by="avia_inline_auto" id="style-css-av-m8tespkb-985da5a5196d6039edb5fcb5230a8134">
#top .av_textblock_section.av-m8tespkb-985da5a5196d6039edb5fcb5230a8134 .avia_textblock{
font-size:16px;
}
</style>
<section  class='av_textblock_section av-m8tespkb-985da5a5196d6039edb5fcb5230a8134 '   itemscope="itemscope" itemtype="https://schema.org/CreativeWork" ><div class='avia_textblock'  itemprop="text" ><p class="p1">Movimentos de moradia realizaram ato no dia 25 de março pelas ruas do centro de São Paulo para reivindicar liberação de verba do “Pode Entrar”, programa de habitação popular da prefeitura de São Paulo.</p>
<p class="p1">Entre as questões apresentadas pelos movimentos no ato está a denúncia de desvio de verbas que deveriam ser destinadas às Zonas Especiais de Interesse Social – ZEIS, áreas voltadas à construção de moradia popular na capital paulista.</p>
<p class="p1">Para falar sobre os temas apresentados no ato, ouvimos a liderança da União do Movimento de Moradia do estado de São Paulo, Evaniza Rodrigues.<span class="Apple-converted-space"> </span></p>
<p class="p1">“Estamos nas ruas na luta pela política de habitação na cidade de São Paulo, a cidade mais rica do mundo tem milhares de pessoas sem moradia, mas o que mais dá raiva é saber que muitas das moradias, que iam ser produzidas para população de baixa renda, estão sendo desviadas. É um conluio entre as construtoras e a prefeitura, que desviou um monte de imóveis produzidos em ZEIS, um monte de imóveis produzidos para baixa renda para outro segmento de renda”, afirma ela.<span class="Apple-converted-space"> </span></p>
<p class="p1">De acordo com Evaniza faltou fiscalização da prefeitura, que propositalmente fez vista grossa, agora o Ministério Público cobra que os imóveis que eram ZEIS (Zonas Especiais de Interesse Social), que foram destinados para outra faixa de renda sejam recompostos. “Precisamos de novas ZEIS na cidade e também precisamos que os recursos das multas, aplicadas a essas empresas que burlaram a lei, sejam destinadas ao Fundo Municipal da Habitação para fazer moradia a quem precisa de verdade”, ressalta ela.<span class="Apple-converted-space"> </span></p>
</div></section></p></div>
<style type="text/css" data-created_by="avia_inline_auto" id="style-css-av-av_hr-af89a52d51412774536fa272e468f7cd">
#top .hr.hr-invisible.av-av_hr-af89a52d51412774536fa272e468f7cd{
height:30px;
}
</style>
<div  class='hr av-av_hr-af89a52d51412774536fa272e468f7cd hr-invisible  avia-builder-el-4  el_after_av_one_full  el_before_av_heading '><span class='hr-inner '><span class="hr-inner-style"></span></span></div></p>

<style type="text/css" data-created_by="avia_inline_auto" id="style-css-av-m8tej1mw-e5545261e43a020a9765b190a8077b32">
#top .av-special-heading.av-m8tej1mw-e5545261e43a020a9765b190a8077b32{
padding-bottom:10px;
}
body .av-special-heading.av-m8tej1mw-e5545261e43a020a9765b190a8077b32 .av-special-heading-tag .heading-char{
font-size:25px;
}
.av-special-heading.av-m8tej1mw-e5545261e43a020a9765b190a8077b32 .av-subheading{
font-size:15px;
}
</style>
<div  class='av-special-heading av-m8tej1mw-e5545261e43a020a9765b190a8077b32 av-special-heading-h3 blockquote modern-quote  avia-builder-el-5  el_after_av_hr  el_before_av_hr '><h3 class='av-special-heading-tag'  itemprop="headline"  >Movimentos fazem ato para cobrar moradias populares em São Paulo</h3><div class="special-heading-border"><div class="special-heading-inner-border"></div></div></div>

<style type="text/css" data-created_by="avia_inline_auto" id="style-css-av-av_hr-af89a52d51412774536fa272e468f7cd">
#top .hr.hr-invisible.av-av_hr-af89a52d51412774536fa272e468f7cd{
height:30px;
}
</style>
<div  class='hr av-av_hr-af89a52d51412774536fa272e468f7cd hr-invisible  avia-builder-el-6  el_after_av_heading  el_before_av_video '><span class='hr-inner '><span class="hr-inner-style"></span></span></div>

<style type="text/css" data-created_by="avia_inline_auto" id="style-css-av-m8tertn6-07d39790747ce1619b3b071447599e34">
.avia-video.av-m8tertn6-07d39790747ce1619b3b071447599e34{
background-image:url(https://radiofuturafm.com.br/wp-content/uploads/2025/03/Movimentos-fazem-ato-para-cobrar-moradias-300x169.png);
}
</style>
<div  class='avia-video av-m8tertn6-07d39790747ce1619b3b071447599e34 avia-video-16-9 av-preview-image avia-video-load-always avia-video-html5'  itemprop="video" itemtype="https://schema.org/VideoObject"  data-original_url='https://radiofuturafm.com.br/wp-content/uploads/2025/03/18-MOVIMENTO-DE-MORADIA-1.mp4'><video class='avia_video' poster="https://radiofuturafm.com.br/wp-content/uploads/2025/03/Movimentos-fazem-ato-para-cobrar-moradias-300x169.png"   preload="auto"  controls id='player_536_1625448156_163577467'><source src='https://radiofuturafm.com.br/wp-content/uploads/2025/03/18-MOVIMENTO-DE-MORADIA-1.mp4' type='video/mp4' /></video></div>

<style type="text/css" data-created_by="avia_inline_auto" id="style-css-av-av_hr-af89a52d51412774536fa272e468f7cd">
#top .hr.hr-invisible.av-av_hr-af89a52d51412774536fa272e468f7cd{
height:30px;
}
</style>
<div  class='hr av-av_hr-af89a52d51412774536fa272e468f7cd hr-invisible  avia-builder-el-8  el_after_av_video  el_before_av_heading '><span class='hr-inner '><span class="hr-inner-style"></span></span></div>

<style type="text/css" data-created_by="avia_inline_auto" id="style-css-av-m8tejatr-28a7797186dd244e656c554b6a97560d">
#top .av-special-heading.av-m8tejatr-28a7797186dd244e656c554b6a97560d{
padding-bottom:10px;
}
body .av-special-heading.av-m8tejatr-28a7797186dd244e656c554b6a97560d .av-special-heading-tag .heading-char{
font-size:25px;
}
.av-special-heading.av-m8tejatr-28a7797186dd244e656c554b6a97560d .av-subheading{
font-size:15px;
}
</style>
<div  class='av-special-heading av-m8tejatr-28a7797186dd244e656c554b6a97560d av-special-heading-h3 blockquote modern-quote  avia-builder-el-9  el_after_av_hr  el_before_av_hr '><h3 class='av-special-heading-tag'  itemprop="headline"  >Ouça a notícia: Movimentos fazem ato para cobrar moradias populares em São Paulo</h3><div class="special-heading-border"><div class="special-heading-inner-border"></div></div></div>

<style type="text/css" data-created_by="avia_inline_auto" id="style-css-av-av_hr-af89a52d51412774536fa272e468f7cd">
#top .hr.hr-invisible.av-av_hr-af89a52d51412774536fa272e468f7cd{
height:30px;
}
</style>
<div  class='hr av-av_hr-af89a52d51412774536fa272e468f7cd hr-invisible  avia-builder-el-10  el_after_av_heading  el_before_av_player '><span class='hr-inner '><span class="hr-inner-style"></span></span></div>
<div id="av_player-1" class="av-player av-player-container av-m8tejqe4-f63254f606be11eb9e72fd9daea3334f avia-playerstyle-classic av_player-1  avia-builder-el-11  el_after_av_hr  avia-builder-el-last  first avia-playlist-hide-cover"><div class="av-player-player-container"><div class="wp-playlist wp-audio-playlist wp-playlist-light">
			<div class="wp-playlist-current-item"></div>
		<audio controls="controls" preload="none" width="1478"
			></audio>
	<div class="wp-playlist-next"></div>
	<div class="wp-playlist-prev"></div>
	<noscript>
	<ol>
		<li><a href='https://radiofuturafm.com.br/wp-content/uploads/2025/03/18-MOVIMENTO-DE-MORADIA.mp3'>18- MOVIMENTO DE MORADIA</a></li>	</ol>
	</noscript>
	<script type="application/json" class="wp-playlist-script">{"type":"audio","tracklist":true,"tracknumbers":true,"images":true,"artists":true,"tracks":[{"src":"https://radiofuturafm.com.br/wp-content/uploads/2025/03/18-MOVIMENTO-DE-MORADIA.mp3","type":"audio/mpeg","title":"18- MOVIMENTO DE MORADIA","caption":"","description":"\"18- MOVIMENTO DE MORADIA\".","meta":{"length_formatted":"2:00"},"image":{"src":"https://radiofuturafm.com.br/wp-includes/images/media/audio.svg","width":48,"height":64},"thumb":{"src":"https://radiofuturafm.com.br/wp-includes/images/media/audio.svg","width":48,"height":64}}]}</script>
</div>
	</div></div>
