{"id":105,"date":"2023-11-29T03:37:26","date_gmt":"2023-11-29T03:37:26","guid":{"rendered":"https:\/\/radiofuturafm.com.br\/?page_id=105"},"modified":"2023-11-29T03:45:32","modified_gmt":"2023-11-29T03:45:32","slug":"a-radio","status":"publish","type":"page","link":"https:\/\/radiofuturafm.com.br\/index.php\/a-radio\/","title":{"rendered":"A R\u00e1dio"},"content":{"rendered":"<div  class='flex_column av-bfzvd-cb4fe7dd067d2348e2f05d5027fc06a2 av_one_full  avia-builder-el-0  el_before_av_one_full  avia-builder-el-first  first flex_column_div  '     ><p>\n<style type=\"text\/css\" data-created_by=\"avia_inline_auto\" id=\"style-css-av-lpj7pzrv-2c22059f7b3b72eb4e96878d4142af92\">\n#top .av-special-heading.av-lpj7pzrv-2c22059f7b3b72eb4e96878d4142af92{\npadding-bottom:10px;\ncolor:#4f702f;\n}\nbody .av-special-heading.av-lpj7pzrv-2c22059f7b3b72eb4e96878d4142af92 .av-special-heading-tag .heading-char{\nfont-size:25px;\n}\n.av-special-heading.av-lpj7pzrv-2c22059f7b3b72eb4e96878d4142af92 .special-heading-inner-border{\nborder-color:#4f702f;\n}\n.av-special-heading.av-lpj7pzrv-2c22059f7b3b72eb4e96878d4142af92 .av-subheading{\nfont-size:15px;\n}\n<\/style>\n<div  class='av-special-heading av-lpj7pzrv-2c22059f7b3b72eb4e96878d4142af92 av-special-heading-h1 custom-color-heading blockquote modern-quote  avia-builder-el-1  el_before_av_textblock  avia-builder-el-first '><h1 class='av-special-heading-tag'  itemprop=\"headline\"  >A R\u00e1dio<\/h1><div class=\"special-heading-border\"><div class=\"special-heading-inner-border\"><\/div><\/div><\/div><br \/>\n\n<style type=\"text\/css\" data-created_by=\"avia_inline_auto\" id=\"style-css-av-lpj7r5yv-d7799451f5e9f9814de9b031ef6d8d40\">\n#top .av_textblock_section.av-lpj7r5yv-d7799451f5e9f9814de9b031ef6d8d40 .avia_textblock{\nfont-size:16px;\n}\n<\/style>\n<section  class='av_textblock_section av-lpj7r5yv-d7799451f5e9f9814de9b031ef6d8d40 '   itemscope=\"itemscope\" itemtype=\"https:\/\/schema.org\/CreativeWork\" ><div class='avia_textblock'  itemprop=\"text\" ><div class=\"page\" title=\"Page 2\">\n<div class=\"section\">\n<div class=\"layoutArea\">\n<div class=\"column\">\n<p>A associac\u0327a\u0303o cultural comunit\u00e1ria pro desenvolvimento infantil, fundada em 16\/11\/2005, tem como objetivo principal a execuc\u0327a\u0303o do Servic\u0327o de Radiodifusa\u0303o Comunita\u0301ria, dando oportunidade a difusa\u0303o de ideias e de atividades culturais para toda a comunidade.<br \/>\nA entidade mante\u0301m a ra\u0301dio Futura FM 87,5, a emissora esta\u0301 no ar desde 2010, que apo\u0301s mais de 5 anos de luta conquistou o direito de explorar o Servic\u0327o de Radiodifusa\u0303o Comunita\u0301ria na Regia\u0303o de Parelheiros.<\/p>\n<\/div>\n<\/div>\n<\/div>\n<\/div>\n<\/div><\/section><\/p><\/div>\n<div  class='flex_column av-8jiap-2c5b73deb0075a5022635278c427124c av_one_full  avia-builder-el-3  el_after_av_one_full  avia-builder-el-last  first flex_column_div  column-top-margin'     ><p>\n<style type=\"text\/css\" data-created_by=\"avia_inline_auto\" id=\"style-css-av-lpj7wfyj-0505b178e18586de0d9107faae54fce7\">\n#top .av-special-heading.av-lpj7wfyj-0505b178e18586de0d9107faae54fce7{\npadding-bottom:10px;\n}\nbody .av-special-heading.av-lpj7wfyj-0505b178e18586de0d9107faae54fce7 .av-special-heading-tag .heading-char{\nfont-size:25px;\n}\n.av-special-heading.av-lpj7wfyj-0505b178e18586de0d9107faae54fce7 .av-subheading{\nfont-size:15px;\n}\n<\/style>\n<div  class='av-special-heading av-lpj7wfyj-0505b178e18586de0d9107faae54fce7 av-special-heading-h2 blockquote modern-quote  avia-builder-el-4  el_before_av_textblock  avia-builder-el-first '><h2 class='av-special-heading-tag'  itemprop=\"headline\"  >A\u00e7\u00f5es Sociais<\/h2><div class=\"special-heading-border\"><div class=\"special-heading-inner-border\"><\/div><\/div><\/div><br \/>\n\n<style type=\"text\/css\" data-created_by=\"avia_inline_auto\" id=\"style-css-av-lpj803zg-58703532c088fd2c0b410e16e64d791a\">\n#top .av_textblock_section.av-lpj803zg-58703532c088fd2c0b410e16e64d791a .avia_textblock{\nfont-size:16px;\n}\n<\/style>\n<section  class='av_textblock_section av-lpj803zg-58703532c088fd2c0b410e16e64d791a '   itemscope=\"itemscope\" itemtype=\"https:\/\/schema.org\/CreativeWork\" ><div class='avia_textblock'  itemprop=\"text\" ><p>Em 2023 foram entregues mais de 250 cestas b\u00e1sicas em v\u00e1rios bairros da regi\u00e3o. Uma parceria da Secretaria Municipal dos Direitos Humanos e Cidadania da Prefeitura de S\u00e3o Paulo.<\/p>\n<\/div><\/section><br \/>\n\n<style type=\"text\/css\" data-created_by=\"avia_inline_auto\" id=\"style-css-av-lpj83kdv-5deeff2a5e537de3468aa5181e3eceb9\">\n#top .avia-gallery.av-lpj83kdv-5deeff2a5e537de3468aa5181e3eceb9 .avia-gallery-thumb a{\nwidth:20%;\n}\n<\/style>\n<div  class='avia-gallery av-lpj83kdv-5deeff2a5e537de3468aa5181e3eceb9 avia_animate_when_visible  avia-builder-el-6  el_after_av_textblock  avia-builder-el-last  avia_lazyload avia-gallery-animate avia-gallery-1'  itemprop=\"image\" itemscope=\"itemscope\" itemtype=\"https:\/\/schema.org\/ImageObject\" ><meta itemprop=\"contentURL\" content=\"https:\/\/radiofuturafm.com.br\/index.php\/a-radio\/\"><div class='avia-gallery-thumb'><a href=\"https:\/\/radiofuturafm.com.br\/wp-content\/uploads\/2023\/11\/WhatsApp-Image-2023-11-23-at-15.56.04-2-1030x464.jpeg\" data-srcset=\"https:\/\/radiofuturafm.com.br\/wp-content\/uploads\/2023\/11\/WhatsApp-Image-2023-11-23-at-15.56.04-2-1030x464.jpeg 1030w, https:\/\/radiofuturafm.com.br\/wp-content\/uploads\/2023\/11\/WhatsApp-Image-2023-11-23-at-15.56.04-2-300x135.jpeg 300w, https:\/\/radiofuturafm.com.br\/wp-content\/uploads\/2023\/11\/WhatsApp-Image-2023-11-23-at-15.56.04-2-768x346.jpeg 768w, https:\/\/radiofuturafm.com.br\/wp-content\/uploads\/2023\/11\/WhatsApp-Image-2023-11-23-at-15.56.04-2-705x317.jpeg 705w, https:\/\/radiofuturafm.com.br\/wp-content\/uploads\/2023\/11\/WhatsApp-Image-2023-11-23-at-15.56.04-2-50x23.jpeg 50w, https:\/\/radiofuturafm.com.br\/wp-content\/uploads\/2023\/11\/WhatsApp-Image-2023-11-23-at-15.56.04-2-100x45.jpeg 100w, https:\/\/radiofuturafm.com.br\/wp-content\/uploads\/2023\/11\/WhatsApp-Image-2023-11-23-at-15.56.04-2.jpeg 1280w\" data-sizes=\"(max-width: 1030px) 100vw, 1030px\" data-rel='gallery-1' data-prev-img='https:\/\/radiofuturafm.com.br\/wp-content\/uploads\/2023\/11\/WhatsApp-Image-2023-11-23-at-15.56.04-2-495x400.jpeg' class='first_thumb lightbox ' data-onclick='1' title='WhatsApp Image 2023-11-23 at 15.56.04 (2)'  itemprop=\"thumbnailUrl\"  ><img decoding=\"async\" fetchpriority=\"high\" class=\"wp-image-109 avia-img-lazy-loading-not-109\"   src=\"https:\/\/radiofuturafm.com.br\/wp-content\/uploads\/2023\/11\/WhatsApp-Image-2023-11-23-at-15.56.04-2-845x576.jpeg\" width=\"845\" height=\"576\"  title='WhatsApp Image 2023-11-23 at 15.56.04 (2)' alt='' \/><div class='big-prev-fake'><img decoding=\"async\" loading=\"lazy\" class=\"wp-image-109 avia-img-lazy-loading-109\"  width=\"495\" height=\"400\" src=\"https:\/\/radiofuturafm.com.br\/wp-content\/uploads\/2023\/11\/WhatsApp-Image-2023-11-23-at-15.56.04-2-495x400.jpeg\" title='WhatsApp Image 2023-11-23 at 15.56.04 (2)' alt='' \/><\/div><\/a><a href=\"https:\/\/radiofuturafm.com.br\/wp-content\/uploads\/2023\/11\/WhatsApp-Image-2023-11-23-at-15.56.04-1-1030x464.jpeg\" data-srcset=\"https:\/\/radiofuturafm.com.br\/wp-content\/uploads\/2023\/11\/WhatsApp-Image-2023-11-23-at-15.56.04-1-1030x464.jpeg 1030w, https:\/\/radiofuturafm.com.br\/wp-content\/uploads\/2023\/11\/WhatsApp-Image-2023-11-23-at-15.56.04-1-300x135.jpeg 300w, https:\/\/radiofuturafm.com.br\/wp-content\/uploads\/2023\/11\/WhatsApp-Image-2023-11-23-at-15.56.04-1-768x346.jpeg 768w, https:\/\/radiofuturafm.com.br\/wp-content\/uploads\/2023\/11\/WhatsApp-Image-2023-11-23-at-15.56.04-1-705x317.jpeg 705w, https:\/\/radiofuturafm.com.br\/wp-content\/uploads\/2023\/11\/WhatsApp-Image-2023-11-23-at-15.56.04-1-50x23.jpeg 50w, https:\/\/radiofuturafm.com.br\/wp-content\/uploads\/2023\/11\/WhatsApp-Image-2023-11-23-at-15.56.04-1-100x45.jpeg 100w, https:\/\/radiofuturafm.com.br\/wp-content\/uploads\/2023\/11\/WhatsApp-Image-2023-11-23-at-15.56.04-1.jpeg 1280w\" data-sizes=\"(max-width: 1030px) 100vw, 1030px\" data-rel='gallery-1' data-prev-img='https:\/\/radiofuturafm.com.br\/wp-content\/uploads\/2023\/11\/WhatsApp-Image-2023-11-23-at-15.56.04-1-495x400.jpeg' class='lightbox ' data-onclick='2' title='WhatsApp Image 2023-11-23 at 15.56.04 (1)'  itemprop=\"thumbnailUrl\"  ><img decoding=\"async\" fetchpriority=\"high\" class=\"wp-image-110 avia-img-lazy-loading-not-110\"   src=\"https:\/\/radiofuturafm.com.br\/wp-content\/uploads\/2023\/11\/WhatsApp-Image-2023-11-23-at-15.56.04-1-845x576.jpeg\" width=\"845\" height=\"576\"  title='WhatsApp Image 2023-11-23 at 15.56.04 (1)' alt='' \/><div class='big-prev-fake'><img decoding=\"async\" loading=\"lazy\" class=\"wp-image-110 avia-img-lazy-loading-110\"  width=\"495\" height=\"400\" src=\"https:\/\/radiofuturafm.com.br\/wp-content\/uploads\/2023\/11\/WhatsApp-Image-2023-11-23-at-15.56.04-1-495x400.jpeg\" title='WhatsApp Image 2023-11-23 at 15.56.04 (1)' alt='' \/><\/div><\/a><a href=\"https:\/\/radiofuturafm.com.br\/wp-content\/uploads\/2023\/11\/WhatsApp-Image-2023-11-23-at-15.56.04-1030x464.jpeg\" data-srcset=\"https:\/\/radiofuturafm.com.br\/wp-content\/uploads\/2023\/11\/WhatsApp-Image-2023-11-23-at-15.56.04-1030x464.jpeg 1030w, https:\/\/radiofuturafm.com.br\/wp-content\/uploads\/2023\/11\/WhatsApp-Image-2023-11-23-at-15.56.04-300x135.jpeg 300w, https:\/\/radiofuturafm.com.br\/wp-content\/uploads\/2023\/11\/WhatsApp-Image-2023-11-23-at-15.56.04-768x346.jpeg 768w, https:\/\/radiofuturafm.com.br\/wp-content\/uploads\/2023\/11\/WhatsApp-Image-2023-11-23-at-15.56.04-705x317.jpeg 705w, https:\/\/radiofuturafm.com.br\/wp-content\/uploads\/2023\/11\/WhatsApp-Image-2023-11-23-at-15.56.04-50x23.jpeg 50w, https:\/\/radiofuturafm.com.br\/wp-content\/uploads\/2023\/11\/WhatsApp-Image-2023-11-23-at-15.56.04-100x45.jpeg 100w, https:\/\/radiofuturafm.com.br\/wp-content\/uploads\/2023\/11\/WhatsApp-Image-2023-11-23-at-15.56.04.jpeg 1280w\" data-sizes=\"(max-width: 1030px) 100vw, 1030px\" data-rel='gallery-1' data-prev-img='https:\/\/radiofuturafm.com.br\/wp-content\/uploads\/2023\/11\/WhatsApp-Image-2023-11-23-at-15.56.04-495x400.jpeg' class='lightbox ' data-onclick='3' title='WhatsApp Image 2023-11-23 at 15.56.04'  itemprop=\"thumbnailUrl\"  ><img decoding=\"async\" fetchpriority=\"high\" class=\"wp-image-111 avia-img-lazy-loading-not-111\"   src=\"https:\/\/radiofuturafm.com.br\/wp-content\/uploads\/2023\/11\/WhatsApp-Image-2023-11-23-at-15.56.04-845x576.jpeg\" width=\"845\" height=\"576\"  title='WhatsApp Image 2023-11-23 at 15.56.04' alt='' \/><div class='big-prev-fake'><img decoding=\"async\" loading=\"lazy\" class=\"wp-image-111 avia-img-lazy-loading-111\"  width=\"495\" height=\"400\" src=\"https:\/\/radiofuturafm.com.br\/wp-content\/uploads\/2023\/11\/WhatsApp-Image-2023-11-23-at-15.56.04-495x400.jpeg\" title='WhatsApp Image 2023-11-23 at 15.56.04' alt='' \/><\/div><\/a><a href=\"https:\/\/radiofuturafm.com.br\/wp-content\/uploads\/2023\/11\/WhatsApp-Image-2023-11-23-at-15.55.48-1030x464.jpeg\" data-srcset=\"https:\/\/radiofuturafm.com.br\/wp-content\/uploads\/2023\/11\/WhatsApp-Image-2023-11-23-at-15.55.48-1030x464.jpeg 1030w, https:\/\/radiofuturafm.com.br\/wp-content\/uploads\/2023\/11\/WhatsApp-Image-2023-11-23-at-15.55.48-300x135.jpeg 300w, https:\/\/radiofuturafm.com.br\/wp-content\/uploads\/2023\/11\/WhatsApp-Image-2023-11-23-at-15.55.48-768x346.jpeg 768w, https:\/\/radiofuturafm.com.br\/wp-content\/uploads\/2023\/11\/WhatsApp-Image-2023-11-23-at-15.55.48-705x317.jpeg 705w, https:\/\/radiofuturafm.com.br\/wp-content\/uploads\/2023\/11\/WhatsApp-Image-2023-11-23-at-15.55.48-50x23.jpeg 50w, https:\/\/radiofuturafm.com.br\/wp-content\/uploads\/2023\/11\/WhatsApp-Image-2023-11-23-at-15.55.48-100x45.jpeg 100w, https:\/\/radiofuturafm.com.br\/wp-content\/uploads\/2023\/11\/WhatsApp-Image-2023-11-23-at-15.55.48.jpeg 1280w\" data-sizes=\"(max-width: 1030px) 100vw, 1030px\" data-rel='gallery-1' data-prev-img='https:\/\/radiofuturafm.com.br\/wp-content\/uploads\/2023\/11\/WhatsApp-Image-2023-11-23-at-15.55.48-495x400.jpeg' class='lightbox ' data-onclick='4' title='WhatsApp Image 2023-11-23 at 15.55.48'  itemprop=\"thumbnailUrl\"  ><img decoding=\"async\" fetchpriority=\"high\" class=\"wp-image-112 avia-img-lazy-loading-not-112\"   src=\"https:\/\/radiofuturafm.com.br\/wp-content\/uploads\/2023\/11\/WhatsApp-Image-2023-11-23-at-15.55.48-845x576.jpeg\" width=\"845\" height=\"576\"  title='WhatsApp Image 2023-11-23 at 15.55.48' alt='' \/><div class='big-prev-fake'><img decoding=\"async\" loading=\"lazy\" class=\"wp-image-112 avia-img-lazy-loading-112\"  width=\"495\" height=\"400\" src=\"https:\/\/radiofuturafm.com.br\/wp-content\/uploads\/2023\/11\/WhatsApp-Image-2023-11-23-at-15.55.48-495x400.jpeg\" title='WhatsApp Image 2023-11-23 at 15.55.48' alt='' \/><\/div><\/a><\/div><\/div><\/p><\/div>\n","protected":false},"excerpt":{"rendered":"","protected":false},"author":1,"featured_media":0,"parent":0,"menu_order":0,"comment_status":"closed","ping_status":"closed","template":"","meta":{"footnotes":""},"class_list":["post-105","page","type-page","status-publish","hentry"],"_links":{"self":[{"href":"https:\/\/radiofuturafm.com.br\/index.php\/wp-json\/wp\/v2\/pages\/105","targetHints":{"allow":["GET"]}}],"collection":[{"href":"https:\/\/radiofuturafm.com.br\/index.php\/wp-json\/wp\/v2\/pages"}],"about":[{"href":"https:\/\/radiofuturafm.com.br\/index.php\/wp-json\/wp\/v2\/types\/page"}],"author":[{"embeddable":true,"href":"https:\/\/radiofuturafm.com.br\/index.php\/wp-json\/wp\/v2\/users\/1"}],"replies":[{"embeddable":true,"href":"https:\/\/radiofuturafm.com.br\/index.php\/wp-json\/wp\/v2\/comments?post=105"}],"version-history":[{"count":4,"href":"https:\/\/radiofuturafm.com.br\/index.php\/wp-json\/wp\/v2\/pages\/105\/revisions"}],"predecessor-version":[{"id":114,"href":"https:\/\/radiofuturafm.com.br\/index.php\/wp-json\/wp\/v2\/pages\/105\/revisions\/114"}],"wp:attachment":[{"href":"https:\/\/radiofuturafm.com.br\/index.php\/wp-json\/wp\/v2\/media?parent=105"}],"curies":[{"name":"wp","href":"https:\/\/api.w.org\/{rel}","templated":true}]}}